-i**4/6 + i**3 - i**2. Determine u(w).
-10
Let o(c) = -24*c**2 - 48*c + 38. Let f(x) = -8*x**2 - 15*x + 12. Let q(a) = -16*f(a) + 5*o(a). Calculate q(-2).
30
Suppose -10 = 2*r - 4*k, -3*r + 2*k = k + 5. Let n(j) be the first derivative of -j**2 - j + 800. Give n(r).
1
Let p(o) = -o - 11. Suppose -4*f = -2*f - t - 14, 2*f - 5*t - 14 = 0. Suppose -6*l - f = 41. What is p(l)?
-3
Let i(m) = m - 2. Let r(q) = 3*q - 18. Let s be r(8). What is i(s)?
4
Let b(k) = -18*k - 5*k**3 + 9*k + 11*k + 1. Suppose 4*q = -4*q - 8. What is b(q)?
4
Let q(r) be the first derivative of -r**3/3 - 2*r**2 - r - 3. Suppose 7*h = -7*h - 28. Calculate q(h).
3
Let m(h) = 51 + h - 29 - 25. Calculate m(7).
4
Let t = -6 + 10. Suppose 41 = t*g - 5*s, 2*g = g - 2*s + 20. Suppose d + a = 6*d + 22, -3*a = -2*d - g. Let l(u) = u - 1. Determine l(d).
-5
Let w(v) = -3 - v**2 + 2*v**3 - 8 + 125*v - v**3 - 244*v + 118*v. Give w(0).
-11
Let o(z) = -5*z - 1. Suppose 11 = a + 1. Suppose 0 = -5*u - w - a - 10, 4*u + 2*w + 10 = 0. Calculate o(u).
24
Let y(i) be the second derivative of -i**6/120 + i**5/15 - i**4/24 - i**3/6 - i**2 - 24*i. Let p(f) be the first derivative of y(f). What is p(3)?
5
Let w(y) = 12*y**2 - y + 4. Let x(i) = -24*i**2 + i - 7. Let c(a) = 5*w(a) + 3*x(a). Suppose -15*o = 3060 - 3045. Give c(o).
-11
Let s(b) = b**2 - 14*b + 13. Let y be 52*(1/12 - 0)*3. Calculate s(y).
0
Let z(a) = a**3 + 5*a**2 - 8*a - 8. Suppose -3*u = -60 - 54. Let j be 5/(10/u) + -4. Let y be 5*((-63)/j + 3). What is z(y)?
4
Let j be 114/(-399) + 2/((-28)/(-270)). Suppose -7*g - j = 23. Let v(y) = -y - 1. What is v(g)?
5
Suppose 2*z - 3*f - 27 = 6, 0 = 3*z + 2*f - 69. Let m = z + -4. Suppose 0 = p - 12 + m. Let g(q) = q. Give g(p).
-5
Let o(f) = 2*f + 10. Suppose 75*h - 74*h + 11 = 0. Suppose d = -2 - 2. Let q = h - d. Determine o(q).
-4
Let m(t) = 36*t - 20. Let d(w) = -7*w + 4. Let b(n) = -14*d(n) - 3*m(n). Calculate b(4).
-36
Let x = -18 - -20. Let l(v) = 2 + x*v**2 + 5 - 3 - 2. Give l(2).
10
Suppose -5*x - 18 = -33. Suppose f = -5*z + x*f + 19, 23 = 4*z + f. Suppose 4*c = -2*l + 11 + 11, 0 = -z*c + 5*l + 5. Let r(g) = -2*g - 1. What is r(c)?
-9
Let x(b) be the second derivative of b**5/20 + 5*b**4/12 + b**3/3 + 33*b. Let u = 7 - 4. Suppose 3*w = -u*z - 2*z - 19, -2*z + 4*w - 18 = 0. Give x(z).
-10
Let c(r) = r - 20. Let v be c(10). Let q be v/3*(-18)/(-12). Let k(w) = w**2 + 5*w - 5. Give k(q).
-5
Let u(p) = -2*p**2 - 3*p - 3. Let k(w) = -3*w**2 - 3*w - 2. Let d(z) = 3*k(z) - 2*u(z). What is d(-2)?
-14
Let g(x) be the first derivative of x**2/2 - 2*x - 24. Let q be 1 + (3 + -3)/(-5). Determine g(q).
-1
Let c(l) be the third derivative of -5*l**4/24 + l**3/2 - 2*l**2. Let i = 824 - 820. Give c(i).
-17
Let x(l) = -l**3 - 6*l**2 - 4*l + 11. Suppose -24*g + 40*g = -80. Calculate x(g).
6
Suppose -2*z + 6 = -3*u, -2*u - u - 6 = -3*z. Suppose 2 + z = o. Let y(v) = 4*v**3 + 0*v**3 - 2*v**3 - 1 + v**3 - o*v**2 - 2*v. What is y(-1)?
-4
Let k(s) = s + 0*s + 0*s. Let o = 7 + -3. Let b be 20/(-45)*4 - o/18. What is k(b)?
-2
Let o(k) = k**2 - 10*k + 8. Suppose -3*i - 10 = n, -2*n - 4*i = -3*i - 5. Suppose -n*f + 25 = -20. Calculate o(f).
-1
Let c(y) be the second derivative of -5*y**3/6 + 2*y**2 + 2*y - 120. Determine c(-2).
14
Let j(t) be the third derivative of -t**5/6 + t**4/24 - 7*t**2. Let v be 3 + 3 + -3 + -2. Calculate j(v).
-9
Let b(g) = -g**2 - 5*g + 3. Let j be b(-4). Suppose j*n - 2 - 5 = 0. Let q(x) = -5*x**2 + x. Determine q(n).
-4
Let u(p) = 69 - 4*p + 65 - 126. Suppose -4*k - k + 5 = 0. Let j be 6/((-2)/(-3 + k)). Determine u(j).
-16
Let w(v) = v**3 + 1. Let g = 146 - 147. Give w(g).
0
Let y(o) be the second derivative of 5*o**3/6 + 7*o. Let h = 3 + 1. Suppose 7*w + 3 = h*w. Give y(w).
-5
Let d(u) be the third derivative of u**6/120 - u**4/12 - 3*u**3/2 - 46*u**2 - 3. Determine d(0).
-9
Let u(l) = l**2 + 2*l - 3. Suppose -3*i - 56 = -56. Calculate u(i).
-3
Let l(n) be the third derivative of 30*n**2 - 1/24*n**4 + 1/60*n**5 + 0 + 1/6*n**3 + 0*n + 1/24*n**6. Determine l(1).
6
Suppose 16 = -2*l - 3*x + 5, 3*x + 15 = 0. Let g(h) = 5*h + 1. Determine g(l).
11
Let d(z) = -6*z + 5. Let v(o) = 28*o - 21. Let x(b) = 9*d(b) + 2*v(b). What is x(2)?
7
Let g(j) = -475 - 483 - j + 959. Let w(r) = -r**2 + 4*r - 4. Let s be w(4). Give g(s).
5
Let a(f) = f**3 - 5*f**2 - 5*f - 1. Let k be (-1)/4*(-6 + 2). Let j(y) = 5*y**2 + 1. Let m be j(k). Calculate a(m).
5
Let n(h) be the second derivative of 3*h**5/20 + h**4/6 - h**3/3 - h**2 - 15*h + 22. Give n(-3).
-59
Let j(a) = -6*a**2 - 1. Let g be 27/2 - (-5)/10. Let l be (-88)/g - (-6)/21. Let u be (-3)/l - (-3)/(-2). Determine j(u).
-7
Let k(h) = -3*h**2 + 30*h - 58. Let r(s) = -2*s**2 + 20*s - 39. Let c(f) = 5*k(f) - 7*r(f). What is c(8)?
-1
Let s(g) = 2*g**2 - 1. Let k(m) = -5*m**2 + 4*m - 4. Let f(o) = -k(o) - 2*s(o). Let d = 1 - -3. Give f(d).
6
Let q(s) = -3*s**2 - 3*s + 4*s + 4*s**2. Suppose 10 = 2*f - 2*l, -4 = 6*l - 4*l. Let v be ((-3)/f + 0)*(-14)/(-14). Calculate q(v).
0
Let r(b) be the first derivative of -b**4/4 - b**3/3 - b**2/2 + 2*b - 597. Suppose m = g - 2, 4*g - 8 = -2*m + m. Give r(m).
2
Let i(q) = -14 + 2 + 23 - 20 + 2*q. What is i(15)?
21
Let n(v) = v**2 + 2*v + 1. Let d(t) = 8*t**2 + 7*t - 1. Let b(j) = d(j) - 6*n(j). Give b(-3).
26
Let q(s) = s**3 - s**2 + s - 1. Let f = -22 - -34. Let r(v) = -v + 12. Let c be r(f). Calculate q(c).
-1
Let s = 487 + -466. Suppose 3*v + 48 = -v. Let t be (-44)/(-28) + v/s. Let l(q) = -2*q. Give l(t).
-2
Let x(c) = 6*c + 1. Let d(y) = -2*y - 17. Let k be d(-14). Let u = -7 + k. Suppose -3*s + 19 = -u*r - 1, -5*r + s = 14. Calculate x(r).
-11
Let n(c) = c**2 + 5. Suppose -5*v = 3*g + 14, 2 = 2*v - v + 3*g. Let w be 0/(-1*4/v). Suppose -5*j - 3*x - 15 = 0, -3*j + x + 2 + 3 = w. Give n(j).
5
Suppose -2*b + 25 = 4*m + 5, -2*b + m - 5 = 0. Suppose b = -5*r - 0*p - 3*p + 19, -3 = -p. Let w(x) = -3 + 76*x - 3 - x**3 + 5*x**r - 71*x. Calculate w(6).
-12
Let j(z) = -z + 1. Let m(s) = 5*s - 3. Suppose 2*r - 1 = 1. Let u(f) = r*m(f) + 6*j(f). Let l = -214 + 218. Give u(l).
-1
Let i(p) = p**3 - 10*p**2 - 10*p - 9. Let j be i(11). Let l be (-4 + 5 + 1)*j. Let a(y) = y**2. Give a(l).
16
Let t(s) be the second derivative of -s**3/2 + 3*s**2 - s. Suppose -37*a = -121 + 17 - 44. Give t(a).
-6
Let k(u) = u**3 - 9*u**2 - u + 2. Let c(o) = -o**3 + 29*o**2 - 53*o - 18. Let a be c(27). Determine k(a).
-7
Let c(j) = j**3 + 5*j**2 + 2*j - 2. Suppose 2*o - 4*r = 4*o - 28, 4*o - r - 11 = 0. Suppose 6 - 26 = o*q. What is c(q)?
-12
Let z(g) = 5*g - 3 - g**3 - 7*g**2 + g**3 + 3*g + g**3. Calculate z(6).
9
Let o(l) = 2*l**3 - 3*l**3 - 1376*l**2 + 1380*l**2. Let f = 2 - -2. Determine o(f).
0
Let b(p) = p**3 + 4*p**2 - 4*p + 4. Suppose u = -5*f + 59, 4*f + 0*f + 5*u - 43 = 0. Suppose 3*i = t + 8, -4*i - 3 = -t - f. Calculate b(t).
-1
Let x(i) = i**2 + 2. Suppose -d + 18 = d + 2*l, -4*l = -3*d - 1. Determine x(d).
27
Let j(b) = -2*b + 5. Let t(u) = 2*u - 4. Let a(p) = -5*j(p) - 4*t(p). Suppose -13*k + 24 = -9*k. Calculate a(k).
3
Let q(u) = u + 3*u + 10 + u - 4*u. Suppose 58*r + 70 = 44*r. What is q(r)?
5
Let c(h) = h**3 + 5*h**2 - 4*h - 7. Let i(y) = -3*y**2 - 39*y - 6. Let v be i(-13). What is c(v)?
-19
Suppose -49*n - 4*o - 10 = -51*n, 5*o + 17 = n. Let q(l) = -5*l - 4. Give q(n).
11
Let a = 9 - 4. Suppose -5*u = t - 5*t - 12, 0 = 5*t - a*u + 15. Let l(d) be the third derivative of -d**6/120 - d**5/30 + d**4/8 + d**2. Calculate l(t).
0
Let d(n) be the second derivative of n**6/120 + n**5/120 + n**3/3 + 4*n. Let r(b) be the second derivative of d(b). Suppose -4 = 3*z + z. Give r(z).
2
Let t(w) = -w + 2. Let x be (-4 - (-2)/2)/(-1). Let i(u) = -3. Let d(a) = x*i(a) + 2*t(a). Determine d(-5).
5
Suppose 0 = -4*z + 17 - 5, t + 4*z - 16 = 0. Let u(s) = -t*s**2 - 96 + 96 - s**3 + 0*s - 4*s. What is u(-3)?
3
Let g(v) = v + 5. Let j(y) = y**3 - 3*y + 13. Let h be j(-3). Determine g(h).
0
Let p = -411 - -401. Let t(f) = f + 13. Determine t(p).
3
Let r = -86 + 83. Let s be 0/(5 + -5 + r). Let q(k) = k - 1. Determine q(s).
-1
Let s(z) = -12*z**2 + 4*z - 2. Let r be s(1). Let f = 11 + r. Let i be -5*(f/1 - 0). Let p(o) = o**3 + 5*o**2 + 3*o + 7. Determine p(i).
-8
Let s be 2/(-7) - 9/(-7). Let j(x) = 4*x**2 + 19 - 14 + 3*x - 6 + 9*x**2 - 2*x. Give j